122201222?
122200221
In base 3, what is 100100000 - -2002?
100102002
In base 14, what is d85c + -2?
d85a
In base 15, what is -196 + a6?
-e0
In base 9, what is 405 + 12?
417
In base 12, what is 8 + -1020bb?
-1020b3
In base 10, what is 6 + -2841?
-2835
In base 2, what is -11101 + -11110000011001?
-11110000110110
In base 11, what is 20 - 550?
-530
In base 3, what is 110222100 - -10?
110222110
In base 8, what is -42 + 133?
71
In base 16, what is -4f8 - -19e?
-35a
In base 3, what is -1102 + -10112?
-11221
In base 12, what is -5 + -3886?
-388b
In base 14, what is 389b - 17?
3884
In base 8, what is -1 - -25426?
25425
In base 11, what is -3 + 36010?
36008
In base 16, what is -b8b9 + b?
-b8ae
In base 14, what is -325 - -1a?
-309
In base 12, what is -262 - 120?
-382
In base 15, what is -1a5d34 - 2?
-1a5d36
In base 3, what is -122 + -10200?
-11022
In base 14, what is -15 + -1782?
-1797
In base 5, what is -32142 - -31?
-32111
In base 12, what is -3573 + -47?
-35ba
In base 12, what is 514a + 5?
5153
In base 14, what is 937 + -553?
3c4
In base 16, what is 1 - e428c?
-e428b
In base 16, what is 45c + -2d3?
189
In base 5, what is 3 + 1324204?
1324212
In base 7, what is 54336340 - 4?
54336333
In base 12, what is 316b + 29?
3198
In base 7, what is -152301 + -2?
-152303
In base 13, what is 40 - -b21?
b61
In base 6, what is 2 - 322142?
-322140
In base 8, what is 4 + 41010?
41014
In base 7, what is -3 - -2514633?
2514630
In base 6, what is -2 + 20543252?
20543250
In base 6, what is -353321 - 3?
-353324
In base 8, what is 120054 - -1?
120055
In base 5, what is 44324 - 4?
44320
In base 5, what is 44 + -20443?
-20344
In base 6, what is 101 - -4530?
5031
In base 3, what is -2112 + 2112011?
2102122
In base 9, what is 2325 - 371?
1844
In base 5, what is 1142004233 - -3?
1142004241
In base 16, what is 11c01 - 8?
11bf9
In base 16, what is 26 + -2f35?
-2f0f
In base 3, what is -1101210010 - -200?
-1101202110
In base 14, what is -3 + -133?
-136
In base 16, what is -2c3bf - 4?
-2c3c3
In base 14, what is 68b + -56b?
120
In base 8, what is 3434 + -166?
3246
In base 13, what is -7 + -b375?
-b37c
In base 11, what is -144 + -146?
-28a
In base 14, what is -5 - -30bc?
30b7
In base 13, what is 23b4 - -3?
23b7
In base 7, what is 1650 + -5?
1642
In base 12, what is -187 + 3aa?
223
In base 8, what is 4566 - -52?
4640
In base 13, what is -75 + -1130?
-11a5
In base 5, what is -301022431 + 3?
-301022423
In base 15, what is 68 - 10056?
-eedd
In base 3, what is 120012021010 + 11?
120012021021
In base 6, what is -241 + 4211?
3530
In base 8, what is -512 + 2256?
1544
In base 12, what is -a - -16866?
16858
In base 5, what is 1 + 3140133?
3140134
In base 4, what is -32 - -32222331?
32222233
In base 13, what is 61 + -271c?
-268b
In base 9, what is -11 + 5057?
5046
In base 9, what is -828 - 872?
-1811
In base 11, what is -17 - 66897?
-66903
In base 4, what is -123313000 + -1?
-123313001
In base 4, what is 2 + 2332113?
2332121
In base 10, what is 4 + 11062?
11066
In base 14, what is 5d1 - -2a?
61b
In base 11, what is -a7 + 179?
82
In base 3, what is 22210 + 121?
100101
In base 16, what is -bc5 - 3?
-bc8
In base 12, what is 2 - -5450a?
54510
In base 8, what is -2671 + 143?
-2526
In base 5, what is 10 + 122044342?
122044402
In base 5, what is -11 - 44424121?
-44424132
In base 3, what is -1122211011 + -1?
-1122211012
In base 9, what is -7568154 - 2?
-7568156
In base 4, what is 10 - 23120220?
-23120210
In base 16, what is 5 - 1f04?
-1eff
In base 16, what is -2 - -91?
8f
In base 14, what is -b148 - 3?
-b14b
In base 2, what is 1000 - -110110001100010100?
110110001100011100
In base 5, what is 11234034 - -3?
11234042
In base 12, what is b02b1 + 3?
b02b4
In base 16, what is -2 + d06?
d04
In base 9, what is 5 + 342835?
342841
In base 14, what is -4 + -5661?
-5665
In base 4, what is -2220 - -1302?
-312
In base 2, what is 110011100000000110 + -11?
110011100000000011
In base 3, what is 12 - 22111020000?
-22111012211
In base 3, what is -2001111222 + -2?
-2001112001
In base 2, what is -101000111001 + 1100?
-101000101101
In base 15, what is 24e2 - 2?
24e0
In base 15, what is 1b3 + -4b1?
-2ed
In base 14, what is -32b3a4 - 3?
-32b3a7
In base 5, what is -2011444 + -10?
-2012004
In base 5, what is -20230230 + -2?
-20230232
In base 6, what is 10 - 1133132?
-1133122
In base 12, what is 2b4 + -67?
249
In base 3, what is -21122 - -112202210?
112111011
In base 11, what is 5723 - 1?
5722
In base 3, what is -1102010 - 101122?
-1210202
In base 9, what is -7762 - 3?
-7765
In base 15, what is 5931 - -8?
5939
In base 10, what is 7195 + -1?
7194
In base 7, what is -12 - 30566?
-30611
In base 16, what is -267 - 10?
-277
In base 13, what is -5a7 + -2b5?
-88c
In base 2, what is 1 - -1000001111000100?
1000001111000101
In base 8, what is -1034 - -2?
-1032
In base 8, what is 104555 + -53?
104502
In base 4, what is -2 + 22133102?
22133100
In base 7, what is 3046 + 1?
3050
In base 11, what is 37a25 - 0?
37a25
In base 2, what is 11 + -11010001010000?
-11010001001101
In base 6, what is 323320221 - -4?
323320225
In base 9, what is 6 - 32154?
-32147
In base 12, what is -2 + 42508?
42506
In base 11, what is -1948 + 31?
-1917
In base 4, what is -121 + 22111121?
22111000
In base 13, what is 304a + 56?
30a3
In base 15, what is 2c55 - -1?
2c56
In base 14, what is -739a0 - -3?
-7399b
In base 3, what is -21210 - 11101202?
-11200112
In base 9, what is 1686 - -374?
2171
In base 5, what is 141 - -41424?
42120
In base 10, what is -59 - 18847?
-18906
In base 15, what is -322dc + -1?
-322dd
In base 3, what is 101 - -22000011?
22000112
In base 2, what is 101100111011110 - -101?
101100111100011
In base 15, what is 1c + -520?
-503
In base 10, what is -20 + 188333?
188313
In base 12, what is 1197ab - 5?
1197a6
In base 16, what is 6f - 16f?
-100
In base 16, what is -c + 1d5?
1c9
In base 3, what is -2200010 + -221?
-2201001
In base 8, what is 33 - -17567?
17622
In base 16, what is -5ad0 + -e?
-5ade
In base 8, what is 554 - -456?
1232
In base 3, what is 212011100 - 2020?
212002010
In base 16, what is 7b67 + -b?
7b5c
In base 16, what is -21 - 1de?
-1ff
In base 13, what is 196c + -3?
1969
In base 6, what is -2231 - 51444?
-54115
In base 6, what is -21 + -10410?
-10431
In base 16, what is -9a8 + -15?
-9bd
In base 11, what is -738 + -a00?
-1638
In base 5, what is 10402423 + -21?
10402402
In base 14, what is 388 + -d?
379
In base 10, what is 350368 - -3?
350371
In base 9, what is -2 - 17412?
-17414
In base 7, what is 4142 - -2426?
6601
In base 6, what is -33204 + 222?
-32542
In base 3, what is -2 - -12201011011?
12201011002
In base 8, what is -42700 - 76?
-42776
In base 5, what is -4 + 423112?
423103
In base 4, what is 203 + -2000310?
-2000101
In base 3, what is -10111102212112 - 10?
-10111102212122
In base 12, what is -5 - 40990?
-40995
In base 11, what is 0 - -840891?
840891
In base 9, what is -75134 + 1?
-75133
In base 13, what is b - 15ca?
-15bc
In base 7, what is -635111 - -6?
-635102
In base 14, what is -213d4 + -1?
-213d5
In base 6, what is 4 - -3225210?
3225214
In base 10, what is -13762 + -4?
-13766
In base 16, what is -3 - 2343e?
-23441
In base 14, what is -2 - -8c20?
8c1c
In base 6, what is -251 + -43333?
-44024
In base 16, what is 50b7 + -2?
50b5
In base 10, what is -1816 - 0?
-1816
In base 14, what is -1 + -528a2?
-528a3
In base 11, what is -10299 - 2?
-102a0
In base 3, what is -12 - 211121121002?
-211121121021
In base 3, what is -12 - 12011222202?
-12011222221
In base 4, what is 2100320 + 12120?
2113100
In base 2, what is -10011000 - 111011101110?
-111110000110
In base 12, what is 122a9a - -1?
122a9b
In base 9, what is 147 - 101?
46
In base 2, what is -111100111110 - -1010000011?
-110010111011
In base 12, what is -5109 - -2?
-5107
In base 14, what is -18 + 62b0?
6296
In base 11, what is -128455 - 2?
-128457
In base 2, what is 10011 + -10111011?
-10101000
In base 16, what is d232 + 0?
d232
In base 15, what is -100 + -110?
-210
In base 3, what is -111 + -12211020211?
-12211021022
In base 3, what is -1111112 + -1110122?
-2222011
In base 14, what is 115b5 + -4?
115b1
In base 7, what is -434 + -41?
-505
In base 5, what is -40411 - 10?
-40421
In base 9, what is -1017331 + -4?
-1017335
In base 14, what is 1 + 133645?
133646
In base 4, what is 20 + -202322